
What is the tens digit of 1993?
9
What is the hundreds digit of 82098?
0
What is the units digit of 1768?
8
What is the hundreds digit of 183?
1
What is the hundreds digit of 9012?
0
What is the tens digit of 2627?
2
What is the tens digit of 12882?
8
What is the tens digit of 46406?
0
What is the tens digit of 5734?
3
What is the tens digit of 11182?
8
What is the units digit of 658?
8
What is the units digit of 6266?
6
What is the hundreds digit of 14378?
3
What is the units digit of 536?
6
What is the units digit of 1069?
9
What is the units digit of 18281?
1
What is the thousands digit of 92959?
2
What is the ten thousands digit of 10449?
1
What is the thousands digit of 9880?
9
What is the hundreds digit of 26819?
8
What is the units digit of 5647?
7
What is the tens digit of 32377?
7
What is the tens digit of 9576?
7
What is the thousands digit of 4122?
4
What is the hundreds digit of 20856?
8
What is the tens digit of 4788?
8
What is the thousands digit of 11937?
1
What is the hundreds digit of 148722?
7
What is the thousands digit of 4966?
4
What is the hundreds digit of 7864?
8
What is the units digit of 120575?
5
What is the hundreds digit of 467?
4
What is the tens digit of 21487?
8
What is the tens digit of 19750?
5
What is the units digit of 1326?
6
What is the units digit of 862?
2
What is the tens digit of 43778?
7
What is the thousands digit of 37183?
7
What is the units digit of 662?
2
What is the thousands digit of 3087?
3
What is the hundreds digit of 908?
9
What is the hundreds digit of 16264?
2
What is the thousands digit of 8776?
8
What is the tens digit of 5612?
1
What is the thousands digit of 2197?
2
What is the units digit of 10857?
7
What is the tens digit of 1963?
6
What is the units digit of 2314?
4
What is the tens digit of 98265?
6
What is the units digit of 8766?
6
What is the units digit of 27321?
1
What is the units digit of 13867?
7
What is the units digit of 2736?
6
What is the tens digit of 4184?
8
What is the hundreds digit of 1581?
5
What is the units digit of 7929?
9
What is the hundreds digit of 1626?
6
What is the units digit of 5828?
8
What is the units digit of 62247?
7
What is the thousands digit of 6078?
6
What is the ten thousands digit of 68688?
6
What is the thousands digit of 46890?
6
What is the units digit of 2441?
1
What is the hundreds digit of 987?
9
What is the units digit of 3813?
3
What is the tens digit of 2092?
9
What is the thousands digit of 19566?
9
What is the units digit of 15?
5
What is the units digit of 504?
4
What is the units digit of 21816?
6
What is the hundreds digit of 2432?
4
What is the hundreds digit of 48492?
4
What is the thousands digit of 30768?
0
What is the units digit of 2945?
5
What is the hundreds digit of 20580?
5
What is the units digit of 11925?
5
What is the units digit of 1147?
7
What is the ten thousands digit of 46066?
4
What is the hundreds digit of 7608?
6
What is the hundreds digit of 466?
4
What is the hundreds digit of 1225?
2
What is the thousands digit of 2955?
2
What is the hundreds digit of 3286?
2
What is the tens digit of 155?
5
What is the ten thousands digit of 64956?
6
What is the hundreds digit of 99643?
6
What is the tens digit of 11873?
7
What is the units digit of 10709?
9
What is the tens digit of 13052?
5
What is the thousands digit of 2403?
2
What is the units digit of 1551?
1
What is the units digit of 4217?
7
What is the thousands digit of 13115?
3
What is the tens digit of 2883?
8
What is the ten thousands digit of 114218?
1
What is the units digit of 2836?
6
What is the units digit of 32?
2
What is the thousands digit of 6078?
6
What is the units digit of 579?
9
What is the hundreds digit of 17263?
2
What is the units digit of 749?
9
What is the thousands digit of 28394?
8
What is the units digit of 3144?
4
What is the thousands digit of 1451?
1
What is the units digit of 9576?
6
What is the thousands digit of 11448?
1
What is the ten thousands digit of 64040?
6
What is the tens digit of 6065?
6
What is the thousands digit of 5138?
5
What is the tens digit of 73?
7
What is the thousands digit of 5281?
5
What is the units digit of 6318?
8
What is the units digit of 65444?
4
What is the units digit of 63107?
7
What is the tens digit of 909?
0
What is the thousands digit of 9295?
9
What is the thousands digit of 88099?
8
What is the thousands digit of 1586?
1
What is the hundreds digit of 1744?
7
What is the units digit of 7832?
2
What is the units digit of 573?
3
What is the ten thousands digit of 41992?
4
What is the ten thousands digit of 66108?
6
What is the thousands digit of 1097?
1
What is the units digit of 1666?
6
What is the units digit of 2546?
6
What is the tens digit of 2974?
7
What is the tens digit of 22999?
9
What is the ten thousands digit of 57476?
5
What is the tens digit of 72918?
1
What is the units digit of 73868?
8
What is the ten thousands digit of 29264?
2
What is the tens digit of 31964?
6
What is the units digit of 69158?
8
What is the thousands digit of 32259?
2
What is the units digit of 54008?
8
What is the thousands digit of 1264?
1
What is the hundreds digit of 550?
5
What is the tens digit of 2209?
0
What is the hundreds digit of 19811?
8
What is the thousands digit of 4463?
4
What is the tens digit of 553?
5
What is the thousands digit of 12825?
2
What is the ten thousands digit of 203218?
0
What is the hundreds digit of 26993?
9
What is the hundred thousands digit of 141021?
1
What is the hundreds digit of 1086?
0
What is the hundreds digit of 123860?
8
What is the hundreds digit of 5892?
8
What is the hundreds digit of 26787?
7
What is the thousands digit of 19606?
9
What is the units digit of 4999?
9
What is the thousands digit of 20033?
0
What is the thousands digit of 10776?
0
What is the tens digit of 3170?
7
What is the tens digit of 2861?
6
What is the hundreds digit of 15039?
0
What is the tens digit of 22014?
1
What is the ten thousands digit of 36478?
3
What is the ten thousands digit of 35363?
3
What is the units digit of 406?
6
What is the tens digit of 217?
1
What is the tens digit of 160?
6
What is the tens digit of 859?
5
What is the hundreds digit of 7354?
3
What is the thousands digit of 6493?
6
What is the hundreds digit of 274?
2
What is the tens digit of 22542?
4
What is the hundreds digit of 3032?
0
What is the thousands digit of 7210?
7
What is the tens digit of 4178?
7
What is the units digit of 15433?
3
What is the units digit of 68549?
9
What is the tens digit of 1694?
9
What is the hundreds digit of 21337?
3
What is the units digit of 4006?
6
What is the hundreds digit of 26632?
6
What is the tens digit of 526?
2
What is the hundreds digit of 60915?
9
What is the units digit of 4530?
0
What is the thousands digit of 4821?
4
What is the hundreds digit of 3467?
4
What is the hundreds digit of 1747?
7
What is the hundreds digit of 3335?
3
What is the thousands digit of 5830?
5
What is the hundreds digit of 996?
9
What is the units digit of 2257?
7
What is the hundreds digit of 1158?
1
What is the units digit of 40882?
2
What is the units digit of 26769?
9
What is the tens digit of 56257?
5
What is the units digit of 814?
4
What is the ten thousands digit of 13050?
1
What is the units digit of 27212?
2
What is the tens digit of 1170?
7
What is the tens digit of 467?
6
What is the units digit of 8249?
9
What is the tens digit of 9025?
2
What is the thousands digit of 6886?
6
What is the units digit of 508?
8
What is the tens digit of 3316?
1
What is the hundreds digit of 1700?
7
What is the ten thousands digit of 18023?
1
What is the units digit of 6?
6
What is the tens digit of 38279?
7
What is the ten thousands digit of 26578?
2
What is the hundreds digit of 1745?
7
What is the thousands digit of 2117?
2
What is the thousands digit of 8381?
8
What is the thousands digit of 2954?
2
What is the tens digit of 6177?
7
What is the thousands digit of 1087?
1
What is the thousands digit of 27935?
7
What is the tens digit of 1577?
7
What is the units digit of 708?
8
What is the tens digit of 61565?
6
What is the units digit of 4232?
2
What is the hundreds digit of 93449?
4
What is the hundreds digit of 964?
9
What is the thousands digit of 9861?
9
What is the units digit of 1